{"id":57,"date":"2015-04-04T21:25:48","date_gmt":"2015-04-04T19:25:48","guid":{"rendered":"http:\/\/kinderhaus.pfarrei-badkoetzting.de\/wordpress\/?page_id=57"},"modified":"2023-03-14T19:23:33","modified_gmt":"2023-03-14T18:23:33","slug":"oeffnungszeiten","status":"publish","type":"page","link":"https:\/\/kinderhaus.pfarrei-badkoetzting.de\/?page_id=57","title":{"rendered":"\u00d6ffnungszeiten"},"content":{"rendered":"<h3>Familienfreundliche Betreungszeiten<\/h3>\n<h3 style=\"text-align: right;\">von 7.00 Uhr bis 16.00 Uhr<\/h3>\n<h2 style=\"text-align: center;\"><strong>Haus \u201eHl. Geist\u201c<\/strong><\/h2>\n<p style=\"text-align: center;\">Mullewapp von 7.00 Uhr bis 13.00 Uhr<\/p>\n<p style=\"text-align: center;\">Tigerentengruppe von 7.00 Uhr bis 13.30 Uhr<\/p>\n<p style=\"text-align: center;\">Schmetterlinge von 7.30 Uhr bis 12.30 Uhr<\/p>\n<p style=\"text-align: center;\">Die Kernzeit\u00a0 in den Gruppen ist von 8.00 Uhr bis 12.00 Uhr<\/p>\n<h2 style=\"text-align: center;\"><strong>Haus \u201eK\u00f6nigin der Engel\u201c<\/strong><\/h2>\n<p style=\"text-align: center;\">Sonnengruppe von 7.00 Uhr bis 16.00 Uhr<\/p>\n<p style=\"text-align: center;\">Mondgruppe von 7.30 Uhr bis 12.30 Uhr<\/p>\n<p style=\"text-align: center;\">\n<h2><strong>Ferienzeiten<\/strong><\/h2>\n<p>Unser Kinderhaus hat insgesamt 30 Schlie\u00dftage, die jeweils am Anfang des Kindergartenjahres festgelegt und Ihnen schriftlich mitgeteilt werden.<\/p>\n<p>Im Sommer ist das Kinderhaus drei Wochen am St\u00fcck geschlossen.<\/p>\n<h2><strong>Schlie\u00dftage im Kindergartenjahr<\/strong><\/h2>\n<p>Das Kinderhaus Bad K\u00f6tzting hat 30 Schlie\u00dftage im Kindergartenjahr.<\/p>\n<p>Dem Personal stehen weitere 5 Schlie\u00dftage f\u00fcr Fortbildungen (gesamtes Personal) zur Verf\u00fcgung.<\/p>\n<p>Manchmal kann es vorkommen, dass jemand vom Personal nicht da ist. Ein Grund daf\u00fcr kann nicht nur Krankheit oder Urlaubsanspruch sein, sondern auch, dass sich diejenige Erzieherin\u00a0 oder Kinderpflegerin auf Fortbildung befindet.<\/p>\n<p>3 Tage k\u00f6nnen wir hierzu in Anspruch nehmen, um wieder Neues f\u00fcr die Praxis mit den Kindern zu erlernen.<\/p>\n","protected":false},"excerpt":{"rendered":"<p>Familienfreundliche Betreungszeiten von 7.00 Uhr bis 16.00 Uhr Haus \u201eHl. Geist\u201c Mullewapp von 7.00 Uhr bis 13.00 Uhr Tigerentengruppe von 7.00 Uhr bis 13.30 Uhr Schmetterlinge von 7.30 Uhr bis 12.30 Uhr Die Kernzeit\u00a0 in den Gruppen ist von 8.00 Uhr bis 12.00 Uhr Haus \u201eK\u00f6nigin der Engel\u201c Sonnengruppe von 7.00 Uhr bis 16.00 Uhr &hellip; <a href=\"https:\/\/kinderhaus.pfarrei-badkoetzting.de\/?page_id=57\" class=\"more-link\"><span class=\"screen-reader-text\">\u00d6ffnungszeiten<\/span> weiterlesen <span class=\"meta-nav\">&rarr;<\/span><\/a><\/p>\n","protected":false},"author":3,"featured_media":0,"parent":0,"menu_order":5,"comment_status":"closed","ping_status":"closed","template":"","meta":[],"_links":{"self":[{"href":"https:\/\/kinderhaus.pfarrei-badkoetzting.de\/index.php?rest_route=\/wp\/v2\/pages\/57"}],"collection":[{"href":"https:\/\/kinderhaus.pfarrei-badkoetzting.de\/index.php?rest_route=\/wp\/v2\/pages"}],"about":[{"href":"https:\/\/kinderhaus.pfarrei-badkoetzting.de\/index.php?rest_route=\/wp\/v2\/types\/page"}],"author":[{"embeddable":true,"href":"https:\/\/kinderhaus.pfarrei-badkoetzting.de\/index.php?rest_route=\/wp\/v2\/users\/3"}],"replies":[{"embeddable":true,"href":"https:\/\/kinderhaus.pfarrei-badkoetzting.de\/index.php?rest_route=%2Fwp%2Fv2%2Fcomments&post=57"}],"version-history":[{"count":14,"href":"https:\/\/kinderhaus.pfarrei-badkoetzting.de\/index.php?rest_route=\/wp\/v2\/pages\/57\/revisions"}],"predecessor-version":[{"id":3039,"href":"https:\/\/kinderhaus.pfarrei-badkoetzting.de\/index.php?rest_route=\/wp\/v2\/pages\/57\/revisions\/3039"}],"wp:attachment":[{"href":"https:\/\/kinderhaus.pfarrei-badkoetzting.de\/index.php?rest_route=%2Fwp%2Fv2%2Fmedia&parent=57"}],"curies":[{"name":"wp","href":"https:\/\/api.w.org\/{rel}","templated":true}]}}